 19.
7
Suppose 90 = 5*j + 2*p - 10, 0 = -5*j - 4*p + 110. Suppose -52 = 3*b - 5*b + 3*m, 2*b - 4*m = 48. What is the remainder when b is divided by j?
14
Let z be 65 + (-3)/(6 + -3) + 3. Suppose -m = n - z, -4*n - 7*m = -5*m - 260. Calculate the remainder when 97 is divided by n.
34
Let o = 21343 - 21335. Calculate the remainder when 5225 is divided by o.
1
Let b(v) = -v**3 + 8*v**2 + 10*v - 5. Suppose -8*h + 2*k = -64, 5*h + 3*k - k = 53. What is the remainder when h is divided by b(9)?
1
Let x be (-2 + 34)*(-1)/(-2). Suppose 3351 = x*c - 841. Calculate the remainder when c is divided by 11.
9
Calculate the remainder when (-874)/(-207)*36/(-8) + 94 is divided by 388/14 - (-2)/7.
19
Suppose 341 - 1403 = -3*n - 6*n. What is the remainder when n is divided by 27?
10
Let r(d) = 31*d - 683. Calculate the remainder when 1157 is divided by r(24).
59
Let c = 239 - 210. Suppose -3*l - 23 = -2*g + 50, g + l - c = 0. What is the remainder when 319 is divided by g?
31
Suppose 0 = 86*q - 21*q + 42*q - 46224. Calculate the remainder when q is divided by 5.
2
Let b(q) = q**3 + q**2 + 8*q - 6. Suppose 2*t - 5*t = -9, -w = -4*t + 40. Let p = -23 - w. Calculate the remainder when b(p) is divided by 37.
36
Let k(m) = 6*m + 62. Let b(s) = -2*s + s**2 + s + 9*s + s + 16. Calculate the remainder when b(-11) is divided by k(-8).
10
Let j(x) = 363*x - 129. Suppose 0 = 26*h - 69 - 35. Calculate the remainder when j(h) is divided by 39.
36
Suppose 2*h = 2*r - 16, -4*h - 25 = -3*r - 2*h. Let i(m) = 186*m - 3 - 188*m - 5. What is the remainder when i(-12) is divided by r?
7
Suppose 0 = -21*h + 16*h + 25. Suppose 127 + 247 = 2*x - h*o, -3*x + 574 = -o. What is the remainder when x is divided by 36 + (5 - 8/4)?
36
Let h = -18 - -25. Let z = 634 + -551. Suppose -12*t + z = -193. Calculate the remainder when t is divided by h.
2
Suppose 0 = 3*l - 5*c - 22, -l + 3*c + 13 = 3. Let k be ((-17)/l)/(-1) - (-18)/(-72). Suppose -k = -2*g + 44. What is the remainder when 94 is divided by g?
22
Let o be 4088/60 - (-2)/(-15). Let t = 248 + o. What is the remainder when t is divided by 40?
36
Calculate the remainder when ((-2)/3)/2 - (-96980)/780 is divided by (-124)/(-6) + 1/3.
19
Let p = 1 + 2. Suppose -15*b + 7 = -16*b. Let u(r) = -16*r - 104. Calculate the remainder when u(b) is divided by p.
2
Let w(h) be the third derivative of h**6/120 - 13*h**5/60 - h**4/3 + 59*h**3/6 - h**2 + 7*h. Calculate the remainder when w(14) is divided by 74.
69
Let z = 329 + -326. Suppose 0 = -7*v + z*v + 2*r + 310, -2*r + 306 = 4*v. What is the remainder when 303 is divided by v?
72
Let a = -27 + 114. Suppose -3*x + 141 = 3*m, -2*m + m - 4*x = -53. What is the remainder when a is divided by m?
42
Suppose 0 = 28*o - 48*o + 760. What is the remainder when 5356 is divided by o?
36
Let v(p) = -p**2 + 10*p - 9. Let k be v(8). Let j(x) = -x**3 + 5*x**2 + 18*x - 8. What is the remainder when 617 is divided by j(k)?
17
Let l = -2884 + 2910. Calculate the remainder when 244 is divided by l.
10
Let t(w) = 12*w**2 + 13*w**3 - 13 + 3*w**3 + 12*w - 15*w**3. Let h(l) = 9*l - 65. Calculate the remainder when t(-7) is divided by h(10).
23
Let b = 4752 - 4530. Calculate the remainder when b is divided by 86.
50
Suppose -8338 - 2995 = -1169*c + 2695. Let w = 28 - -10. Suppose w = d + d. What is the remainder when d is divided by c?
7
Suppose 2*f + 0*f + 66 = 2*a, -4*f = -a + 42. Suppose -109*p = -108*p - a. Calculate the remainder when 78 is divided by p.
18
Suppose 5*c - 716 = c. What is the remainder when c is divided by ((-7896)/4277)/(8/(-52))?
11
Calculate the remainder when (-8)/(-1) - (-332 - (-6 + 0) - 9) is divided by 140.
63
Let u(m) = -m**2 + 28*m - 167. Let f be u(7). Let l = 215 + f. Calculate the remainder when l is divided by 33.
30
Let y = 821 + -540. Suppose -2*r = 43 - y. What is the remainder when r is divided by (8/(-6))/(-4) + (-531)/(-27)?
19
Let s(b) = -5*b**2 - 42*b + 112. What is the remainder when s(-8) is divided by 29?
12
Suppose 287*y - 14026 - 4634 = -2301. What is the remainder when 21544 is divided by y?
55
Let f(d) = -d - 44. Let c be (-525)/28 - ((-27)/(-12) + -2). Let r be f(c). Let l = r - -40. Calculate the remainder when 44 is divided by l.
14
Let s(f) = f**2 + 43*f + 486. What is the remainder when 1597 is divided by s(-21)?
13
Let k be ((-822)/10)/((-2)/20). Suppose 9*c = k + 186. What is the remainder when c is divided by 30?
22
Let z = 3921 - 3382. Calculate the remainder when z is divided by 271.
268
Let x = 1622 + -907. Suppose 0 = 5*v - 10*v + x. Suppose 0 = 6*c - v - 67. Calculate the remainder when c is divided by 6.
5
Suppose 1538 = 2*w + 5*b, 3*w = -3*b + 4*b + 2324. Calculate the remainder when w is divided by (740/(-40))/((-7)/(-14)*(-1)/1).
34
Let k(b) = 15*b. Let a be k(4). Suppose 0 = -2*l - 2*t + a, t - 56 = -2*l - 0*t. What is the remainder when 290/6 + 1/(-3) is divided by l?
22
Suppose 72 = 4*y - 9*s + 5*s, 5*s = y - 38. Suppose 0 = -5*t, 0 = 3*p - 3*t - 0*t - 381. Calculate the remainder when p is divided by y.
10
Suppose -7*r + 2*r - 2623 = j, -3*j = 3*r + 1581. Let i = 881 + r. What is the remainder when i is divided by 30?
27
Let d = 617 + -590. Let y(h) be the third derivative of h**6/120 - h**5/15 - h**4/6 + h**3/3 + h**2. Calculate the remainder when d is divided by y(5).
6
Suppose 4*o = -8*o + 72. Suppose 0*q - 258 = -o*q. Let l = 16 + -5. Calculate the remainder when q is divided by l.
10
Let j(v) = 14*v**2 - 8*v + 14*v**2 + 7*v**2 - 11 - 28*v**2. Let z be j(-4). Let u = z - 27. Calculate the remainder when u is divided by 36.
34
Suppose -12044 = 21*i - 12905. What is the remainder when 104 is divided by i?
22
Let n = 4 + 1. Let d = -667 - -669. Suppose d*f = 3*t - 121, -t + n*t + 2*f - 180 = 0. Calculate the remainder when t is divided by 16.
11
Suppose -467 = -4*y + 15*f - 12*f, 3*y - 372 = -5*f. Calculate the remainder when 250 is divided by y.
12
Let x = 54 - 53. Calculate the remainder when (-18)/(-9) + -29*(x - 3) is divided by 4.
0
Let b(w) = -5*w + 104. Let h be b(20). Suppose -3*i - 5*r + 26 = 0, -h*i - 5*r + 6 = -27. Calculate the remainder when 24 is divided by i.
3
Let f = -29 - -68. Suppose 0 = 5*r - 6*r - 5*k - 50, -2*k = 4*r + 164. Let i = r + 156. What is the remainder when i is divided by f?
38
Let b(j) = j**2 + 23*j + 411. What is the remainder when 345 is divided by b(-15)?
54
Calculate the remainder when 162 is divided by -1*35*(-18)/45.
8
What is the remainder when 13523 is divided by (11/3 + 4)*(35 + (-1)/(-1))?
275
Suppose -1 = -4*f - 9, 0 = -2*n + 3*f + 22. Let h be (-6)/27 + (-472)/(-18). Suppose -h = 2*g - 4*g. Calculate the remainder when g is divided by n.
5
Let j(b) = -20 + 14 - 33 - 72*b. Suppose 11*h + 27 = 12*h. What is the remainder when j(-2) is divided by h?
24
Let j(a) = -5*a**2 - 38*a - 7. What is the remainder when 304 is divided by j(-7)?
10
Suppose 7*c - 132 = 1233. What is the remainder when 372 is divided by c?
177
Let n be 4 + -3 + 1 + 0. Suppose 84 = n*d - 4*x, 3*d + 0*x - 102 = -2*x. Calculate the remainder when (-20*1)/4*3120/(-150) is divided by d.
32
Suppose -3*j + 105 = 69. What is the remainder when 369 is divided by ((-45)/(-20))/(9/j) + 4?
5
Calculate the remainder when (-64)/(-80)*10670/44 is divided by 61.
11
Suppose -d = -4*t - 140, 2*d - 330 = -20*t + 18*t. What is the remainder when 579 is divided by d?
99
Let u(v) = v**3 + 5*v**2 - v + 3. Let f be u(-4). Suppose 4*c = f - 7. Let y(x) = 10*x - 15. Calculate the remainder when y(c) is divided by 16.
9
Suppose 107*v - 102*v - h - 1357 = 0, 7*v = 4*h + 1892. What is the remainder when 982 is divided by v?
166
Let g(j) = j**2 - 20*j - 35. Calculate the remainder when g(-15) is divided by 56.
42
Suppose -p = -3*p + w + 9, p - 2*w - 3 = 0. Suppose n - 4 = -3, 0 = -3*q - 5*n + 74. What is the remainder when -2*p*36/(-4) is divided by q?
21
Let m be (9/6 - 2)*0. Let k = m + -3. What is the remainder when 24 is divided by 64/12 + 0 + k/9?
4
Suppose 0 = -2*x + 17*x + 10470. Let g = x + 1073. Calculate the remainder when g is divided by 63.
60
Let d(p) = -p**2 - 50*p - 548. What is the remainder when 668 is divided by d(-19)?
12
Suppose 3*s = -1266 - 1272. What is the remainder when -2*5/(60/s) is divided by 13?
11
Let t(w) = 93*w - 1185. What is the r